11
Let c be (-5)/((-20)/(-8)) - -2. Suppose n - 3*n - 3*y = c, 2 = 2*n + 2*y. Suppose 8*l - n*l - 195 = 0. List the prime factors of l.
3, 13
Let z(q) = q + 5*q**2 + 5*q + 1 + 0*q - q**3. Let c be z(6). List the prime factors of 4/4 + c + 1.
3
Suppose 0 = -8*u + 5*u + 732. What are the prime factors of u?
2, 61
Suppose 0 = -11*t + 2*t + 27. Suppose 0 = -3*d + t*r - r + 825, 5*d + r - 1362 = 0. List the prime factors of d.
3, 7, 13
Suppose -2*u + q - 1160 = -5*u, -2*q + 395 = u. Suppose 9*l - u = 4*l. Let n = l - 36. What are the prime factors of n?
41
Let p(q) = -158*q + 503. What are the prime factors of p(-15)?
13, 17
Let z be (12/(-30))/(1/415). Let s = z - -250. What are the prime factors of s?
2, 3, 7
Suppose 2*d - 5023 = -36*x + 39*x, -2*x + 2529 = d. What are the prime factors of d?
11, 229
Let n be (3 + 660/8)*2. What are the prime factors of n - (10 + -11)/((-2)/6)?
2, 3, 7
Let h(b) = 3*b**2 + 59*b - 48. List the prime factors of h(27).
2, 3, 311
Let z(a) = -13*a**2 - 4*a - 8. Let y(d) = -6*d**2 - 2*d - 4. Let o(t) = 5*y(t) - 3*z(t). List the prime factors of o(2).
2, 11
Let k(y) = 30. Let b(f) = f + 30. Let s(w) = -4*b(w) + 3*k(w). What are the prime factors of s(-15)?
2, 3, 5
List the prime factors of 4*11/(-220) - 5701/(-5).
2, 3, 5, 19
Suppose 3*s - 217 = -v, 2*v - 7*v + 2*s = -1102. What are the prime factors of v?
2, 5, 11
Suppose -5*n + 504 = 2*n. Let u = -18 + n. What are the prime factors of u?
2, 3
Let n(j) = j**2 + 7*j + 3. Let f be n(-7). Suppose k - 5 = -0*k + f*t, 0 = -5*k - 5*t + 45. What are the prime factors of -2 - -57 - k/(-2)?
59
Suppose -7*l = -5*l - 680. Let g = 488 - l. List the prime factors of g.
2, 37
Let r be (-25)/(-4) + (-1)/4. Suppose r*f = 5 - 11. Let v(s) = -41*s - 1. List the prime factors of v(f).
2, 5
Suppose -201*l + 230*l - 73776 = 0. List the prime factors of l.
2, 3, 53
List the prime factors of 6498/3 - ((-80)/8 - -4).
2, 3, 181
List the prime factors of (-3)/(-5) + (-96976)/(-190).
7, 73
Suppose 5*m + 5*b = 1775, 2*b + 720 = 2*m - b. Let c = m - 199. List the prime factors of c.
2, 79
Suppose 196*p = 191*p + 2005. List the prime factors of p.
401
Let f = 2467 - -694. List the prime factors of f.
29, 109
Suppose -o - 4*g - 3 = 0, -g + 0 - 2 = 0. Suppose 4*b - 5*f - 101 = 0, -3*b - 2*f = -o*b + 52. List the prime factors of b.
29
Let j = 2261 + 832. List the prime factors of j.
3, 1031
Suppose 85845 = 15*s + 44*s. List the prime factors of s.
3, 5, 97
List the prime factors of 325/26*(18 + 2).
2, 5
Let j(f) = -8*f**3 - 45*f**2 - 6*f + 3. What are the prime factors of j(-7)?
2, 73
Let r(x) = 5*x**2 - 15*x - 23. Let w(n) = -11*n**2 + 29*n + 47. Let q(m) = -13*r(m) - 6*w(m). What are the prime factors of q(-21)?
17
List the prime factors of 13 + (-20)/4 - -1705.
3, 571
Let f(b) = -136*b - 31. List the prime factors of f(-5).
11, 59
Let j(n) = 3*n**2 - 5*n + 6. Suppose 2*x + 4*o = 3*x - 19, 2*o - 1 = -3*x. List the prime factors of j(x).
2, 3
Let d be -2 + (2 - 2 - -3). Let t be (d - 10)/(-1 + 2). Let u = t - -12. What are the prime factors of u?
3
Suppose 10*r - 11*r = -8. Suppose -238 = g - r*g. What are the prime factors of g?
2, 17
Let v = 56 - 130. Suppose 5*t = -4*s + 665, -4*t - 5*s = -335 - 206. Let j = t + v. What are the prime factors of j?
5, 11
Suppose 2*o + 96 = 6*o + 2*s, 3*o - 73 = -s. Suppose -3*g + o = -35. Let k = 29 - g. What are the prime factors of k?
3
Let o(i) = -i**3 + 10*i**2 + 17*i - 36. Let c be 24/2 + -4 - (0 - 3). List the prime factors of o(c).
2, 3, 5
Let v(c) = c**2 - 2*c - 36. Let u be v(7). What are the prime factors of ((-4)/(-10))/(u - 301/(-300))?
2, 3, 5
Suppose 0 = -k + 2. Let s(f) = 1 + 7 + 2*f**3 - 5 - 4*f + f**2. List the prime factors of s(k).
3, 5
Let l(d) = -d**3 - 3*d**2 + 7*d. Let u be l(-4). Let i = u - -12. Suppose i = -3*k + 111 + 33. List the prime factors of k.
2, 3
Suppose -2*z = -11*z + 52200. What are the prime factors of (0 - z/(-18)) + 22/(-99)?
2, 7, 23
Suppose -5*c + 0*f = -4*f + 12, 5*c - 5*f = -15. Suppose c = -11*w + 367 + 1140. What are the prime factors of w?
137
Let a(x) = 8*x - 111*x**3 + 6*x + 4 + 112*x**3 - 7*x**2 - 8*x**2. List the prime factors of a(14).
2
Let y(a) = -2*a - 5. Let p be y(-5). Let o(v) = -p*v + 10 + 4 - 11. What are the prime factors of o(-5)?
2, 7
What are the prime factors of 5192/16*(-12 + 18)?
3, 11, 59
Let j be 0 - (0/(-2))/(-3). Suppose x - d - 26 = j, 74 = 2*x + x - 2*d. What are the prime factors of x?
2, 11
Suppose -l = -3, -2*r + l + 355 + 128 = 0. What are the prime factors of r?
3
Suppose 0 = 4*z - a - 3*a - 8, -10 = -5*z - 3*a. Let x be 9/(((-6)/(-63))/z). Suppose 5*n - 3*k = -7*k + x, -4*k + 152 = 4*n. What are the prime factors of n?
37
Suppose -5*a - 15 = -8*a, 3*i - 4*a = 1297. What are the prime factors of i?
439
Let o be (-1)/(-3) + (-88)/(-24). Suppose -o*x + 18 + 10 = 0. What are the prime factors of x?
7
Let y = -15 + 12. Let x = 34 - y. What are the prime factors of x?
37
Suppose 3*l = 7*l - 8. Suppose -l*g - 2*v + 148 = 0, -2 = -3*v + 10. List the prime factors of g.
2, 5, 7
What are the prime factors of (-24 - -20) + (714 - (3 + 0))?
7, 101
Let h(w) = -18*w**3 + w**2 - 22*w + 17. What are the prime factors of h(-7)?
2, 23, 139
Suppose 4 = -4*q + 2*q. Let m = q + 5. Suppose -5*c = -j - 3*j + 113, m*j = c + 71. List the prime factors of j.
2, 11
Suppose 5*n = -5*g + 85, 3*n = 5*g + 16 + 11. What are the prime factors of n/56 - 131/(-4)?
3, 11
Let g be (3 - 2) + 0 + 2. Suppose 0 = -g*l - 2*a + 163, 56 = -2*l + 3*l - a. Suppose 5*j + 0 = l. What are the prime factors of j?
11
Suppose -2*n - 5*h = 2*n - 400, 0 = n + h - 100. List the prime factors of n.
2, 5
Suppose -f = 2*l + f + 2, 5*l - f = 25. Suppose -5*v = -8*b + 4*b - 981, -4*b + l = 0. List the prime factors of v.
197
Let f(v) = 70*v - 24. List the prime factors of f(4).
2
Let i = -299 + 499. Suppose -5*u + 10*u - i = 0. What are the prime factors of u?
2, 5
Suppose 0 = -0*w + 4*w - 3380. List the prime factors of w.
5, 13
Let b = 1654 - 1070. List the prime factors of b.
2, 73
Let q = 2 - -3. Let a(o) = -o**2 + 6*o - 3. Let t be a(q). Suppose -t*c + 0*g = -3*g - 48, -3*g - 69 = -3*c. List the prime factors of c.
3, 7
Let y = 395 - 239. What are the prime factors of y?
2, 3, 13
Suppose -49*o = -57*o + 15480. What are the prime factors of o?
3, 5, 43
Let y(t) = 4*t**2 - 40*t + 3. Let v be y(10). Let x(a) = -2*a + 27. List the prime factors of x(v).
3, 7
What are the prime factors of (-3 + 1 - -2453) + 9?
2, 3, 5, 41
Let b(y) = y**3 - 6*y**2 + 13*y - 18. What are the prime factors of b(8)?
2, 107
Suppose -365 = -v + 2*m, 4*v + 4*m - 1145 = v. List the prime factors of v.
3, 5
Let t(d) = -701*d - 162. What are the prime factors of t(-3)?
3, 647
Suppose g - 59 = -5*y + 7*y, -3*g - 5*y = -133. List the prime factors of g*(1*-12)/(-4).
3, 17
Let d(f) = f**3 - 17*f**2 - 4*f + 35. Let q be d(17). List the prime factors of (1 - 241/5)/(q/165).
2, 59
Let k(q) = -q**2 - 5*q - 3. Let i be k(-4). Suppose -o = i, -25 = 2*h - 3*h - 3*o. What are the prime factors of ((-96)/h)/((-4)/42)?
2, 3
List the prime factors of (-208)/13*(-10)/4.
2, 5
Let u(w) = w**3 + 5*w**2 - 6*w + 2. Let f be u(-6). Suppose -5*k + f*n + 14 = 0, k + 5*n = -4*k. What are the prime factors of 6 - (-3 + k - -1)?
2, 3
Suppose 0 = g + 2*u - 19, -2*u - 3*u + 52 = 3*g. Suppose -10*c = -g*c - 5. Suppose -5*x + p + 115 = -151, 4*x - 236 = -c*p. List the prime factors of x.
2, 3
Suppose 5 = -0*i + 5*i, -3*t - 4*i = -331. List the prime factors of t.
109
Let n(d) = 2*d**3 - 21 - 17*d + 6*d**3 - 11*d**2 - 7*d**3. List the prime factors of n(13).
2, 3
Let g = -36 - -36. Suppose g = 2*a - 7*a + 70. Suppose a + 37 = 3*h. List the prime factors of h.
17
Let a(u) = 8*u**2 + 5*u + 13. Let k be -4 + (-2 - (-1 - 2)). What are the prime factors of a(k)?
2, 5, 7
Let d = 118 - 120. Let f(r) = -129*r + 8. What are the prime factors of f(d)?
2, 7, 19
Let v(k) = -k**2 + 1. Let b be v(-2). List the prime factors of b/(688/140 - 5).
5, 7
Suppose 0 = 4*g + 11*j - 16*j - 4130, -j + 4142 = 4*g. List the prime factors of g.
3, 5, 23
Let r(c) = 4*c**2 + 3*c - c - 6 - c**2 + 2*c. List the prime factors of r(-5).
7
Let i = 10 + 2. Suppose -27 = -y + i. Let x = 10 + y. List the prime factors of x.
7
Suppose 0